the millions digit of 442565988?
2
What is the hundred thousands digit of 6570094?
5
What is the ten millions digit of 37535236?
3
What is the units digit of 154918420?
0
What is the hundreds digit of 433636823?
8
What is the ten thousands digit of 17724550?
2
What is the ten millions digit of 69112502?
6
What is the millions digit of 1606981389?
6
What is the thousands digit of 72823250?
3
What is the units digit of 150948280?
0
What is the hundred thousands digit of 477053301?
0
What is the thousands digit of 6645053?
5
What is the tens digit of 2092492625?
2
What is the ten millions digit of 3564513267?
6
What is the tens digit of 300519202?
0
What is the units digit of 49367447?
7
What is the hundred thousands digit of 4503002342?
0
What is the hundred thousands digit of 2229658322?
6
What is the millions digit of 37785631?
7
What is the hundreds digit of 1609106784?
7
What is the ten millions digit of 2888129347?
8
What is the tens digit of 983038587?
8
What is the ten thousands digit of 657896631?
9
What is the hundreds digit of 3923581863?
8
What is the hundred thousands digit of 578668722?
6
What is the tens digit of 4957982116?
1
What is the hundred millions digit of 543480867?
5
What is the thousands digit of 191424467?
4
What is the thousands digit of 32529912?
9
What is the hundred millions digit of 2340568530?
3
What is the millions digit of 26538275?
6
What is the units digit of 54423444?
4
What is the billions digit of 1108430542?
1
What is the ten thousands digit of 1683363648?
6
What is the thousands digit of 37870859?
0
What is the ten millions digit of 12552852?
1
What is the tens digit of 708556547?
4
What is the millions digit of 1756906339?
6
What is the hundred thousands digit of 1294809743?
8
What is the billions digit of 1982879618?
1
What is the millions digit of 1839798311?
9
What is the hundred millions digit of 716247434?
7
What is the thousands digit of 62373119?
3
What is the ten millions digit of 1310448453?
1
What is the ten millions digit of 92720304?
9
What is the hundreds digit of 60870770?
7
What is the thousands digit of 33542887?
2
What is the millions digit of 558965691?
8
What is the tens digit of 431860229?
2
What is the thousands digit of 7233647958?
7
What is the hundred thousands digit of 307712451?
7
What is the hundred thousands digit of 522342044?
3
What is the millions digit of 3637981934?
7
What is the millions digit of 123259885?
3
What is the hundred thousands digit of 1458083059?
0
What is the units digit of 82388282?
2
What is the ten millions digit of 1183675887?
8
What is the millions digit of 2602569?
2
What is the ten thousands digit of 50715612?
1
What is the ten thousands digit of 130978976?
7
What is the tens digit of 101589894?
9
What is the tens digit of 22821419?
1
What is the ten thousands digit of 5706781418?
8
What is the tens digit of 230494243?
4
What is the hundreds digit of 88548874?
8
What is the hundreds digit of 31303676?
6
What is the hundred thousands digit of 244248496?
2
What is the units digit of 4800664092?
2
What is the ten thousands digit of 67797108?
9
What is the ten thousands digit of 203278987?
7
What is the ten millions digit of 430640622?
3
What is the tens digit of 386985035?
3
What is the units digit of 720089068?
8
What is the millions digit of 74565829?
4
What is the hundred millions digit of 127028393?
1
What is the thousands digit of 1080722427?
2
What is the units digit of 67077672?
2
What is the units digit of 69735720?
0
What is the hundreds digit of 505849265?
2
What is the hundreds digit of 46400671?
6
What is the millions digit of 2106319775?
6
What is the hundred thousands digit of 232882864?
8
What is the hundred millions digit of 302703501?
3
What is the units digit of 7312032?
2
What is the units digit of 8120667699?
9
What is the millions digit of 4955319915?
5
What is the thousands digit of 151854985?
4
What is the millions digit of 226630142?
6
What is the ten millions digit of 43046334?
4
What is the hundreds digit of 39573600?
6
What is the hundreds digit of 257297893?
8
What is the thousands digit of 955283689?
3
What is the millions digit of 204395311?
4
What is the millions digit of 161708962?
1
What is the ten thousands digit of 2567747409?
4
What is the tens digit of 2102753651?
5
What is the millions digit of 291665907?
1
What is the millions digit of 9844441?
9
What is the ten thousands digit of 1218436?
1
What is the ten thousands digit of 186130?
8
What is the units digit of 8936826?
6
What is the tens digit of 30118995?
9
What is the ten thousands digit of 66551500?
5
What is the hundreds digit of 4014276156?
1
What is the ten millions digit of 1696916733?
9
What is the thousands digit of 66043430?
3
What is the millions digit of 5741192841?
1
What is the millions digit of 21727344?
1
What is the tens digit of 125683375?
7
What is the tens digit of 16797538?
3
What is the thousands digit of 1354464220?
4
What is the units digit of 674562452?
2
What is the thousands digit of 176026?
6
What is the ten millions digit of 23676075?
2
What is the ten thousands digit of 32690839?
9
What is the hundred millions digit of 3414087138?
4
What is the tens digit of 67844514?
1
What is the ten millions digit of 50387745?
5
What is the ten millions digit of 1383154529?
8
What is the ten millions digit of 75505651?
7
What is the tens digit of 78488774?
7
What is the ten millions digit of 714294807?
1
What is the millions digit of 48519333?
8
What is the hundred thousands digit of 30548450?
5
What is the hundred thousands digit of 2727350990?
3
What is the hundred thousands digit of 330102364?
1
What is the units digit of 78944118?
8
What is the units digit of 5772512200?
0
What is the hundred thousands digit of 56264618?
2
What is the tens digit of 1053967213?
1
What is the hundreds digit of 28946286?
2
What is the thousands digit of 5092676681?
6
What is the ten millions digit of 126888664?
2
What is the millions digit of 1647486267?
7
What is the millions digit of 535302828?
5
What is the ten thousands digit of 207581543?
8
What is the hundreds digit of 29674959?
9
What is the thousands digit of 153705725?
5
What is the tens digit of 674510215?
1
What is the units digit of 548284373?
3
What is the millions digit of 912798318?
2
What is the units digit of 809269679?
9
What is the ten millions digit of 54094747?
5
What is the billions digit of 3402978829?
3
What is the hundreds digit of 1279531313?
3
What is the units digit of 93843342?
2
What is the ten millions digit of 121293405?
2
What is the hundred thousands digit of 2638254673?
2
What is the hundred thousands digit of 121055650?
0
What is the thousands digit of 860897651?
7
What is the thousands digit of 353343930?
3
What is the ten thousands digit of 56008252?
0
What is the hundred millions digit of 3785819194?
7
What is the hundred thousands digit of 330030562?
0
What is the millions digit of 1079543046?
9
What is the millions digit of 66112225?
6
What is the ten thousands digit of 377068983?
6
What is the units digit of 222803201?
1
What is the tens digit of 373750100?
0
What is the units digit of 1700086986?
6
What is the hundred thousands digit of 39872433?
8
What is the ten thousands digit of 90230822?
3
What is the ten millions digit of 107956679?
0
What is the tens digit of 1564274740?
4
What is the millions digit of 1634462564?
4
What is the thousands digit of 143809748?
9
What is the millions digit of 730556979?
0
What is the hundreds digit of 755851712?
7
What is the thousands digit of 6237745537?
5
What is the millions digit of 4789701?
4
What is the units digit of 269115871?
1
What is the ten thousands digit of 63295875?
9
What is the hundreds digit of 29923604?
6
What is the tens digit of 50138283?
8
What is the millions digit of 239435410?
9
What is the thousands digit of 58906545?
6
What is the ten thousands digit of 179911527?
1
What is the units digit of 387688705?
5
What is the ten thousands digit of 1013043675?
4
What is the ten millions digit of 27737419?
2
What is the ten millions digit of 13472898?
1
What is the ten millions digit of 68890010?
6
What is the ten millions digit of 22495950?
2
What is the ten millions digit of 257889113?
5
What is the ten thousa